-2. What are the prime factors of c?
13
Let d(g) = 21*g + 1. What are the prime factors of d(11)?
2, 29
Suppose -98 = -4*i + 10. List the prime factors of i.
3
Let v(k) = 4*k**2. Let y be v(2). Suppose 7*l - 2*l = x - 27, 3*x - 2*l - y = 0. What are the prime factors of x?
2
Let v be ((-6)/(-3)*5)/2. List the prime factors of 18/(-5)*v/(-2).
3
Let t(n) be the second derivative of n**3/6 + 17*n**2/2 - 3*n. What are the prime factors of t(-8)?
3
Let v(w) = 116*w**2 + w - 1. Let k be v(1). What are the prime factors of 4/(-18) - k/(-36)?
3
Suppose 0 = -x - 2*m - 6, -2*x - 7 = 2*m + m. Suppose -x*h = -2*h - 4. List the prime factors of h.
2
Let w = 62 - 24. List the prime factors of w.
2, 19
Suppose 6*s = 4*s + 2. Suppose 0 = 3*t - u - s - 10, -5 = -5*u. List the prime factors of t.
2
Let j = 76 - -36. Suppose n + 3*i = 18, 2*i = -5*n + n + j. What are the prime factors of n?
2, 3, 5
Let b = -249 + 359. What are the prime factors of b?
2, 5, 11
Let q(y) = 2 + 5*y + 8*y**2 + 10*y**3 - 5 - 9*y**3. What are the prime factors of q(-7)?
11
Suppose b + 2 = -13. Suppose 5 = -2*c + 5*t, -6*c = -3*c - 2*t - 9. What are the prime factors of 3/b*-2*c?
2
Let h(c) = c**2 - 3*c - 4. Let r be h(4). Suppose 3*b + b - 36 = r. List the prime factors of b.
3
Let z(y) = y**2 - 2*y + 45. What are the prime factors of z(0)?
3, 5
Let t(k) = 2*k - 10. Let w be t(7). Suppose 2*m - 4*s - 28 = 0, w*m - 4*s = 49 - 1. Let g = 0 + m. List the prime factors of g.
2, 5
Suppose -41 - 29 = -5*w. Let k be (1*10)/(w/7). Suppose 8 = b + 5*m - 7, 0 = 5*b - k*m - 45. List the prime factors of b.
2, 5
Let s be 4 - (1 - 0/(-2)). Let d be (-1 + s)*2/4. What are the prime factors of 11 + 1/(-1) - d?
3
Let z(m) = -23*m**2 + 8*m + 11. Let l(a) = -8*a**2 + 3*a + 4. Let k(x) = 11*l(x) - 4*z(x). Let b = -3 - -4. What are the prime factors of k(b)?
5
Let i = -4 - -4. What are the prime factors of 12 - (i + -2 + 2)?
2, 3
What are the prime factors of -68*(-1)/(-6)*-18?
2, 3, 17
Let r(w) = -23*w + 14. What are the prime factors of r(-6)?
2, 19
Suppose u - 3*u + 498 = 3*z, -4*z + 664 = -4*u. What are the prime factors of z?
2, 83
Let n(u) = -3*u**2 - 6*u + 2. Let b(h) = h**2 + 2*h - 1. Let t(v) = 7*b(v) + 2*n(v). List the prime factors of t(-4).
5
What are the prime factors of (9/2)/((-12)/(-64))?
2, 3
Let n = -14 - -6. Let h = n - -15. What are the prime factors of h?
7
Let d(n) = 5*n - 9. What are the prime factors of d(9)?
2, 3
Suppose 4*p + p - 1 = -a, -3*p = 4*a - 21. Let t(c) = -6*c + 10. Let h be t(-5). Suppose -l = -a*l + h. List the prime factors of l.
2
Suppose -5*s = -4*q - 620, 72 = s - q - 51. Suppose 5*c = 3*m - s, 0 = -2*m - 3*m + c + 250. What are the prime factors of m?
3, 17
Suppose -f + 6*k - 38 = k, 0 = -k + 5. Let r = -6 - f. Let x(p) = p**2 - 5*p - 4. What are the prime factors of x(r)?
2, 5
Suppose -2*u = 3*u - 3*z - 377, -5*z = -2*u + 166. What are the prime factors of u?
73
List the prime factors of -11 + 12 + 1/((-1)/(-57)).
2, 29
Let a = 6 - 3. What are the prime factors of 15 + 2/(2/a)?
2, 3
Let h(d) = 2*d**3 + 1. Let n be (15/10)/(3/2). What are the prime factors of h(n)?
3
Let x(i) = -i**3 - 2*i**2 + 3*i. Let k(z) = z - 11. Let t be k(8). Let n be x(t). Suppose n = 4*h + 5*y + 7, 1 = h - 2*y - 7. List the prime factors of h.
2
Let d(z) = 22*z - 7. Let w(u) = 11*u - 4. Let q(g) = 4*d(g) - 7*w(g). List the prime factors of q(4).
2, 11
Let d = -26 + 16. Let p = 4 - d. What are the prime factors of p?
2, 7
Let l(o) = 6*o - 10. Let t be l(8). Let z = t + -26. What are the prime factors of z?
2, 3
Let v = 491 - 226. What are the prime factors of v?
5, 53
Let c(n) = n - 5. Let j be c(13). List the prime factors of (-28)/(-6)*12/j.
7
Let m = 56 - 30. What are the prime factors of m?
2, 13
Let u(v) = -5*v**2 - 5*v - 2*v**3 - v - 4*v**3 + 5*v**3. Suppose 1 = 2*a + 9. What are the prime factors of u(a)?
2
Let k(t) = 3*t - 6. Let b = 15 + -7. Let m = -3 + b. What are the prime factors of k(m)?
3
Suppose 0 = -2*o - 0*n - 4*n + 16, -2*o + 8 = -4*n. List the prime factors of o.
2, 3
Let u(r) = -2*r + 10. What are the prime factors of u(-5)?
2, 5
Let d(b) = 110*b**2 + 2*b + 2. What are the prime factors of d(-1)?
2, 5, 11
Suppose 3*x - 228 = -x + 3*t, -2*t = -3*x + 172. Suppose -j + x = j. List the prime factors of (56/(-10))/((-12)/j).
2, 7
Let q be (0 - 2)*(-6)/4. Suppose -2*v + 3*u + 5 = -13, q*v - 1 = -2*u. Suppose -v*g = -30 - 0. List the prime factors of g.
2, 5
List the prime factors of 1284/56*10 + 4/(-14).
229
Let s(z) = 6*z**2 + z - 22. What are the prime factors of s(-6)?
2, 47
Suppose 6 = 2*s + 2*f + 2, 2*s + 4 = 2*f. Suppose -g + 0*r = -2*r - 14, -3*r = s. List the prime factors of g.
2, 7
Suppose 5*g - 3*g + 56 = 0. What are the prime factors of (2 - 0)/2 - g?
29
Let y = 2 - 1. Let s be -5*(-1)/(y/15). Suppose -5*t = -5*j - s, -2*j + j = 3. What are the prime factors of t?
2, 3
Let l be 3 - (-1)/((-2)/2). Suppose -17 = -l*z + 39. What are the prime factors of z?
2, 7
Let d(g) be the first derivative of -g**2/2 + 2*g - 1. Let q be d(2). Suppose 2 = -q*b + b. List the prime factors of b.
2
Let n(c) = 7 - 6*c + c**3 + 6 + 8*c**2 + 3*c - 5*c. Let f be n(-9). Suppose 5*z - 11 - 8 = -2*o, -3*z = -f*o - 27. What are the prime factors of z?
5
Let a(d) = 3*d. Let w = 6 - 2. Suppose -9 = k + w*l, 4*k = 3*l - 15 + 36. What are the prime factors of a(k)?
3
Suppose -5*p + 2*b - 4 = -46, 5*b + 30 = 5*p. List the prime factors of p.
2, 5
Suppose -7*v + 1320 = -v. What are the prime factors of v?
2, 5, 11
Let q be (-1)/(2 - (-10)/(-6)). Let f be 8 + (-5 + 1 - q). List the prime factors of 1 + f + 2 + -1.
3
Let y = 5 - -2. List the prime factors of y.
7
Suppose -6*t = -374 - 682. What are the prime factors of t?
2, 11
Let g = -5 + 7. List the prime factors of (-4)/g - (-19 - -7).
2, 5
Suppose -2*g - d = 0, 3 = 2*d - 1. Let n(b) = -10*b**3 + 2*b + 1. List the prime factors of n(g).
3
Let p be (-10)/((-2 + 1)*-1). Let l = -7 - p. What are the prime factors of l?
3
Suppose 2*f + 24 = -4*v, -3*f - 10 = 4*v + 24. Let q(s) = -s**3 - 10*s**2 - 2*s - 12. What are the prime factors of q(f)?
2
Suppose 0*c + 4*c = -8, -k - 3*c = -26. List the prime factors of k.
2
Suppose 5*v - 2*v - 228 = -3*u, -5*v + 4*u + 353 = 0. What are the prime factors of v?
73
Let c = 64 + -108. What are the prime factors of c/(-12) - 4/6?
3
Let t(r) = 2*r - 5. Let z be t(4). Let i be (-1)/(-3) + 11/z. Suppose 5*o = -2*u + i*u - 27, -51 = -5*u - 4*o. List the prime factors of u.
11
Let a(f) = -3*f + 2 + 2*f + 2*f. Let b be a(8). Suppose 4*d - b = 2. List the prime factors of d.
3
List the prime factors of (9/(-2))/(9/(-60)).
2, 3, 5
Let i be (5/15)/(1/(-6)). Let q = i + 4. What are the prime factors of q?
2
Let j be (4/3)/(12/18). Suppose 72 = z + j*z. List the prime factors of z.
2, 3
Let m(u) = -u + 2. Let r be m(2). Suppose 3*z + 44 = -r*s + 4*s, -3*s - z = -33. List the prime factors of s.
11
Let b(u) be the third derivative of -1/12*u**4 + 1/30*u**5 + 0*u + 0 - 1/3*u**3 - u**2. What are the prime factors of b(3)?
2, 5
Let k(t) = 12*t - 27. List the prime factors of k(10).
3, 31
Let h = 31 + 29. What are the prime factors of h?
2, 3, 5
Suppose -5*y = -2*o - 2*o - 73, 3*y + o - 37 = 0. Let f = y - 4. What are the prime factors of f?
3
Suppose -5*q = -65 - 20. List the prime factors of q.
17
Suppose 3*i = -3*w + 429, -3*i - 3*w + 715 = 2*i. List the prime factors of i.
11, 13
Suppose -5*t = -0*t. List the prime factors of (t - -2)/((-2)/(-55)).
5, 11
Let f(k) = -2 + 0*k - 2*k + 10*k. Let j be f(8). Suppose -v + p = 4*p - 2, j = 3*v - 5*p. List the prime factors of v.
2, 7
Let n = 879 + -1389. List the prime factors of n/(-24) - (-2)/(-8).
3, 7
Suppose -c + 28 = 5*a, -3*a + 5*a - 31 = -c. Let g = -10 + c. List the prime factors of g.
23
Suppose 5*d + 82 = 7*d. What are the prime factors of d?
41
Let w be (2/(-6))/((-10)/(-150)). Let g = 12 + w. List the prime factors of g.
7
Let j be -21*2/(-15)*-10. Let o be 4/14 - 104/j. Suppose m - 14 = -o. List the prime factors of m.
2, 5
Suppose 3*q - 2*i - 418 = 0, -3*i + 142 = q - i. Suppose 0 = 4*o - o - 2*c - q, 3*o - 135 = 3*c. Suppose 6*z - o = z. List the prime factors of z.
2, 5
Let j = 3 + 0. Suppose -12 = -3*s, 0 = 4*d - j*s - 6 + 2. Suppose 0 = 4*n - 2*o, 0 = d*n - o